0021100 (base 3) in base 11?
-67a3
What is -1175 (base 10) in base 16?
-497
-a305 (base 15) to base 4
-20121332
What is -2220 (base 5) in base 12?
-21a
Convert 51860 (base 10) to base 11.
35a66
What is -6556 (base 7) in base 16?
-928
Convert -eb6 (base 16) to base 12.
-221a
8628 (base 10) to base 5
234003
4212 (base 7) to base 3
2000210
Convert 367 (base 15) to base 3.
1001121
Convert -4304 (base 5) to base 11.
-487
What is -145 (base 15) in base 16?
-122
Convert -123013 (base 5) to base 9.
-6466
Convert -222300 (base 4) to base 14.
-dd6
-110210 (base 3) to base 10
-345
Convert -15dd (base 15) to base 10.
-4708
Convert 4350 (base 6) to base 8.
1752
What is -13121 (base 5) in base 7?
-3010
Convert 35 (base 16) to base 14.
3b
Convert -80724 (base 9) to base 16.
-cf55
3212130 (base 4) to base 14
5536
-23986 (base 10) to base 6
-303014
Convert -1156 (base 14) to base 8.
-5710
Convert -1de9 (base 16) to base 5.
-221112
Convert -10d1 (base 15) to base 11.
-2757
What is 1033332 (base 5) in base 11?
12554
What is -2251 (base 7) in base 4?
-30310
23563 (base 9) to base 15
4a16
Convert -3222321 (base 4) to base 2.
-11101010111001
Convert -1899 (base 13) to base 10.
-3675
What is -11 (base 9) in base 3?
-101
What is 465425 (base 7) in base 5?
10133224
What is a05 (base 13) in base 2?
11010011111
What is 10222120 (base 3) in base 15?
cd9
-11110000011 (base 2) to base 11
-1499
Convert 62 (base 7) to base 2.
101100
Convert 102001112 (base 3) to base 9.
12045
12c0 (base 13) to base 16
a83
cc (base 13) to base 9
206
What is -21110012 (base 3) in base 4?
-1110320
2322 (base 9) to base 3
2100202
What is -2b4 (base 15) in base 14?
-323
Convert -4023 (base 5) to base 7.
-1332
What is -1245 (base 11) in base 15?
-732
Convert -112110 (base 3) to base 13.
-240
Convert -242 (base 7) to base 3.
-11202
Convert 120222 (base 3) to base 14.
22b
Convert -1100110001111111 (base 2) to base 15.
-107a1
13102222 (base 4) to base 9
44864
-2637 (base 9) to base 14
-a14
Convert -104544 (base 6) to base 9.
-13121
What is 984c (base 13) in base 3?
1002001210
Convert -164 (base 15) to base 9.
-384
What is -46aa (base 12) in base 2?
-1111011100010
1230 (base 14) to base 12
1a0a
Convert 1111110111 (base 2) to base 13.
601
Convert 24526 (base 7) to base 16.
1927
Convert 777 (base 8) to base 10.
511
What is 1030421 (base 5) in base 11?
12260
-3a300 (base 11) to base 16
-e0fc
22 (base 11) to base 2
11000
Convert 37d (base 15) to base 9.
1071
Convert 1674 (base 10) to base 11.
1292
What is 12021112 (base 3) in base 2?
111100001000
What is 3b2 (base 12) in base 16?
236
What is -31c (base 15) in base 9?
-860
-20 (base 15) to base 16
-1e
What is -9893 (base 10) in base 3?
-111120102
Convert 2381 (base 9) to base 14.
90a
-3250 (base 6) to base 14
-3b8
33086 (base 9) to base 8
52674
611 (base 8) to base 5
3033
Convert -210000 (base 4) to base 16.
-900
Convert -ba10 (base 15) to base 7.
-222561
Convert -1375 (base 13) to base 4.
-223300
Convert 91 (base 16) to base 8.
221
-111111111 (base 2) to base 16
-1ff
38362 (base 9) to base 12
12b32
Convert -122101 (base 4) to base 11.
-1299
Convert -13120 (base 4) to base 11.
-39a
-101010 (base 2) to base 12
-36
1876 (base 10) to base 12
1104
Convert 1 (base 14) to base 10.
1
Convert 226 (base 16) to base 2.
1000100110
What is -176 (base 12) in base 3?
-22200
What is 23145 (base 6) in base 4?
303221
-2359 (base 12) to base 3
-12102120
Convert 522 (base 11) to base 14.
32d
-7719 (base 12) to base 15
-3d50
What is 1001000111001001 (base 2) in base 9?
56167
292 (base 11) to base 16
157
What is -414434 (base 7) in base 3?
-10121200212
What is -201 (base 4) in base 13?
-27
-1100000111 (base 2) to base 14
-3d5
Convert 101100111 (base 2) to base 13.
218
2040 (base 5) to base 6
1130
Convert 100001101001100 (base 2) to base 3.
212122002
-211111 (base 3) to base 16
-25f
848 (base 13) to base 11
1074
Convert 202 (base 8) to base 5.
1010
22210122 (base 3) to base 8
14420
39ae (base 15) to base 6
133002
Convert -379 (base 10) to base 15.
-1a4
What is -c597 (base 15) in base 7?
-232525
Convert -2113011 (base 4) to base 2.
-10010111000101
-164 (base 15) to base 10
-319
Convert 5427 (base 9) to base 6.
30254
Convert 2001301 (base 4) to base 2.
10000001110001
What is 499 (base 11) in base 13?
367
-133321 (base 4) to base 6
-13241
What is -2ba21 (base 12) in base 10?
-61945
Convert -2413 (base 8) to base 15.
-5b1
-1512 (base 6) to base 14
-20c
3301 (base 13) to base 9
10657
What is 338 (base 12) in base 13?
2a8
-24361 (base 8) to base 7
-42362
-2256 (base 7) to base 14
-42d
a296 (base 11) to base 13
62a7
87e7 (base 15) to base 5
1410132
What is 120000 (base 3) in base 15?
1c0
Convert 302 (base 9) to base 8.
365
What is -1ba (base 12) in base 2?
-100011110
What is 630 (base 12) in base 5?
12100
What is 4526 (base 8) in base 2?
100101010110
What is 1665 (base 8) in base 4?
32311
Convert 11 (base 14) to base 15.
10
1069 (base 10) to base 13
643
What is -32134 (base 7) in base 12?
-4737
-702b (base 12) to base 15
-38db
-1203 (base 9) to base 10
-894
Convert 1411320 (base 5) to base 11.
1a838
Convert 2411 (base 6) to base 12.
407
-130621 (base 9) to base 11
-54594
-1542 (base 7) to base 9
-756
Convert 402 (base 12) to base 14.
2d4
Convert -1011010001000011 (base 2) to base 8.
-132103
Convert -819 (base 13) to base 7.
-4002
Convert -110011 (base 3) to base 9.
-404
-1300 (base 11) to base 8
-3236
Convert dc5 (base 16) to base 6.
24153
What is 35345 (base 8) in base 4?
3223211
-253041 (base 6) to base 3
-1011010221
19b9 (base 12) to base 8
6135
Convert -6b55 (base 13) to base 2.
-11101100000111
-371 (base 16) to base 4
-31301
Convert -5112 (base 8) to base 12.
-1636
Convert -13122 (base 6) to base 16.
-7ca
What is -255 (base 12) in base 8?
-541
Convert -f4 (base 16) to base 10.
-244
What is 101101010011110 (base 2) in base 6?
255222
-22756 (base 11) to base 7
-164531
What is -16e2 (base 16) in base 6?
-43042
What is d1 (base 15) in base 12?
144
-100101001100 (base 2) to base 6
-15004
Convert -174 (base 14) to base 13.
-19c
Convert 3e0 (base 15) to base 5.
12020
Convert -63366 (base 8) to base 10.
-26358
12322 (base 4) to base 16
1ba
What is 1101101000110 (base 2) in base 4?
1231012
What is 1000022020 (base 3) in base 14?
737b
32101 (base 8) to base 4
3101001
Convert -71101 (base 9) to base 7.
-253156
What is 1690 (base 10) in base 13?
a00
11010110 (base 2) to base 5
1324
Convert -20010 (base 9) to base 6.
-140443
What is 54000 (base 7) in base 2?
11010001000001
What is 271 (base 10) in base 9?
331
Convert -20212 (base 4) to base 10.
-550
What is 22022220 (base 3) in base 11?
4620
-12a75 (base 13) to base 5
-2102431
Convert 11719 (base 10) to base 11.
8894
2553 (base 7) to base 14
4d3
What is 10110332 (base 4) in base 12?
a312
Convert 2027 (base 11) to base 7.
10563
What is -37321 (base 9) in base 4?
-12013120
What is 1203 (base 13) in base 2?
100111101010
-1064 (base 7) to base 2
-110000101
-11101000110 (base 2) to base 16
-746
-2054 (base 10) to base 15
-91e
-6c4 (base 13) to base 4
-102112
Convert -1043 (base 8) to base 3.
-202021
Convert -1873 (base 14) to base 12.
-2679
-120330 (base 4) to base 16
-63c
What is -1130 (base 4) in base 13?
-71
Convert -1320 (base 6) to base 7.
-660
c8 (base 16) to base 10
200
What is -254 (base 9) in base 14?
-111
Convert 126 (base 10) to base 15.
86
-1032 (base 5) to base 10
-142
419 (base 11) to base 10
504
Convert 105b (base 13) to base 6.
14305
49d8 (base 14) to base 6
135510
Convert -10356 (base 10) to base 5.
-312411
1334313 (base 5) to base 6
331042
Convert -1100010111 (base 2) to base 5.
-11131
What is -2a25 (base 12) in base 5?
-124200
What is -100113 (base 5) in base 13?
-158c
-33b8 (base 16) to base 8
-31670
-221120 (base 3) to base 2
-1010110010
Convert -1320001 (base 4) to base 14.
-2b29
11030222 (base 4) to base 15
6495
Convert -255 (base 11) to base 15.
-152
What is 20221 (base 3) in base 10?
187
Convert -3002 (base 4) to base 7.
-365
What is -5274 (base 9) in base 3?
-12022111
Convert 55340 (base 8) to base 2.
101101011100000
Convert 1110 (base 7) to base 6.
1503
What is 20112020 (base 3) in base 7?
16605
What is -2b3 (base 15) in base 4?
-21222
What is -4766 (base 8) in base 14?
-d02
What is 2a78 (base 12) in base 14?
1b64
W